ctors of 6193.
11, 563
What are the prime factors of 4300?
2, 5, 43
List the prime factors of 556.
2, 139
What are the prime factors of 64584?
2, 3, 13, 23
What are the prime factors of 586?
2, 293
What are the prime factors of 8967?
3, 7, 61
List the prime factors of 92899.
92899
What are the prime factors of 32788?
2, 7, 1171
List the prime factors of 199.
199
What are the prime factors of 47514?
2, 3, 7919
What are the prime factors of 8527?
8527
List the prime factors of 189.
3, 7
What are the prime factors of 12163?
12163
What are the prime factors of 2257?
37, 61
What are the prime factors of 646?
2, 17, 19
List the prime factors of 5578.
2, 2789
List the prime factors of 90486.
2, 3, 11, 457
What are the prime factors of 33083?
33083
What are the prime factors of 637?
7, 13
What are the prime factors of 19583?
19583
List the prime factors of 2038.
2, 1019
What are the prime factors of 7400?
2, 5, 37
List the prime factors of 2855.
5, 571
List the prime factors of 26694.
2, 3, 1483
What are the prime factors of 889?
7, 127
List the prime factors of 151927.
139, 1093
What are the prime factors of 1011?
3, 337
List the prime factors of 42550.
2, 5, 23, 37
What are the prime factors of 1777?
1777
What are the prime factors of 50?
2, 5
List the prime factors of 681.
3, 227
List the prime factors of 7993.
7993
What are the prime factors of 46285?
5, 9257
What are the prime factors of 5990?
2, 5, 599
List the prime factors of 13195.
5, 7, 13, 29
List the prime factors of 1421.
7, 29
What are the prime factors of 29?
29
What are the prime factors of 62887?
11, 5717
List the prime factors of 6052.
2, 17, 89
What are the prime factors of 23642?
2, 11821
List the prime factors of 5043.
3, 41
List the prime factors of 11202.
2, 3, 1867
List the prime factors of 22113.
3, 7, 13
What are the prime factors of 2305?
5, 461
What are the prime factors of 3654?
2, 3, 7, 29
List the prime factors of 10556.
2, 7, 13, 29
What are the prime factors of 796?
2, 199
List the prime factors of 869.
11, 79
What are the prime factors of 11687?
13, 29, 31
List the prime factors of 2820.
2, 3, 5, 47
What are the prime factors of 13758?
2, 3, 2293
List the prime factors of 11511.
3, 1279
List the prime factors of 61378.
2, 30689
What are the prime factors of 147710?
2, 5, 14771
What are the prime factors of 2130?
2, 3, 5, 71
What are the prime factors of 5259?
3, 1753
What are the prime factors of 1428?
2, 3, 7, 17
What are the prime factors of 5356?
2, 13, 103
List the prime factors of 200.
2, 5
List the prime factors of 26609.
11, 41, 59
List the prime factors of 602.
2, 7, 43
List the prime factors of 22581.
3, 13, 193
What are the prime factors of 8306?
2, 4153
List the prime factors of 14147.
7, 43, 47
List the prime factors of 2570.
2, 5, 257
List the prime factors of 52351.
13, 4027
List the prime factors of 13809.
3, 4603
What are the prime factors of 61262?
2, 30631
List the prime factors of 1158.
2, 3, 193
List the prime factors of 73835.
5, 14767
List the prime factors of 41664.
2, 3, 7, 31
What are the prime factors of 19437?
3, 11, 19, 31
List the prime factors of 1322.
2, 661
List the prime factors of 2538.
2, 3, 47
What are the prime factors of 53195?
5, 10639
List the prime factors of 609.
3, 7, 29
List the prime factors of 66788.
2, 59, 283
What are the prime factors of 2509?
13, 193
What are the prime factors of 3923?
3923
What are the prime factors of 4387?
41, 107
What are the prime factors of 1090?
2, 5, 109
List the prime factors of 579.
3, 193
List the prime factors of 527.
17, 31
What are the prime factors of 1653?
3, 19, 29
List the prime factors of 3319.
3319
What are the prime factors of 1041?
3, 347
List the prime factors of 5287.
17, 311
List the prime factors of 35546.
2, 7, 2539
List the prime factors of 2122.
2, 1061
List the prime factors of 2702.
2, 7, 193
List the prime factors of 30987.
3, 11, 313
What are the prime factors of 54?
2, 3
List the prime factors of 7099.
31, 229
What are the prime factors of 8028?
2, 3, 223
What are the prime factors of 487?
487
What are the prime factors of 388?
2, 97
List the prime factors of 1585.
5, 317
List the prime factors of 6621.
3, 2207
List the prime factors of 1160.
2, 5, 29
List the prime factors of 974.
2, 487
What are the prime factors of 139?
139
What are the prime factors of 16704?
2, 3, 29
List the prime factors of 4830.
2, 3, 5, 7, 23
List the prime factors of 823.
823
What are the prime factors of 447?
3, 149
What are the prime factors of 46238?
2, 61, 379
List the prime factors of 6908.
2, 11, 157
What are the prime factors of 566?
2, 283
List the prime factors of 67019.
29, 2311
What are the prime factors of 2649?
3, 883
What are the prime factors of 41073?
3, 13691
What are the prime factors of 571?
571
List the prime factors of 1566.
2, 3, 29
List the prime factors of 128.
2
List the prime factors of 289.
17
List the prime factors of 2485.
5, 7, 71
What are the prime factors of 18238?
2, 11, 829
List the prime factors of 509.
509
What are the prime factors of 19609?
19609
What are the prime factors of 6281?
11, 571
What are the prime factors of 39161?
39161
List the prime factors of 34311.
3, 11437
List the prime factors of 1848.
2, 3, 7, 11
List the prime factors of 1086.
2, 3, 181
List the prime factors of 3180.
2, 3, 5, 53
What are the prime factors of 44741?
44741
What are the prime factors of 596?
2, 149
List the prime factors of 1657.
1657
What are the prime factors of 1511?
1511
What are the prime factors of 115?
5, 23
List the prime factors of 2744.
2, 7
List the prime factors of 52452.
2, 3, 31, 47
What are the prime factors of 24135?
3, 5, 1609
What are the prime factors of 2134?
2, 11, 97
What are the prime factors of 4679?
4679
What are the prime factors of 32237?
32237
List the prime factors of 4202.
2, 11, 191
List the prime factors of 1627.
1627
What are the prime factors of 2814?
2, 3, 7, 67
List the prime factors of 15348.
2, 3, 1279
What are the prime factors of 7236?
2, 3, 67
What are the prime factors of 4590?
2, 3, 5, 17
What are the prime factors of 2243?
2243
What are the prime factors of 55804?
2, 7, 1993
What are the prime factors of 15722?
2, 7, 1123
What are the prime factors of 62203?
17, 3659
What are the prime factors of 233?
233
What are the prime factors of 4713?
3, 1571
List the prime factors of 18440.
2, 5, 461
What are the prime factors of 8002?
2, 4001
What are the prime factors of 1095?
3, 5, 73
List the prime factors of 546.
2, 3, 7, 13
What are the prime factors of 12065?
5, 19, 127
What are the prime factors of 41323?
31, 43
List the prime factors of 14648.
2, 1831
List the prime factors of 11892.
2, 3, 991
List the prime factors of 11084.
2, 17, 163
List the prime factors of 9915.
3, 5, 661
List the prime factors of 200578.
2, 7, 14327
List the prime factors of 2662.
2, 11
What are the prime factors of 1634?
2, 19, 43
List the prime factors of 1928.
2, 241
List the prime factors of 6192.
2, 3, 43
What are the prime factors of 1068?
2, 3, 89
List the prime factors of 16736.
2, 523
What are the prime factors of 5010?
2, 3, 5, 167
What are the prime factors of 2794?
2, 11, 127
List the prime factors of 26385.
3, 5, 1759
List the prime factors of 7018.
2, 11, 29
List the prime factors of 3274.
2, 1637
List the prime factors of 23243.
11, 2113
List the prime factors of 4479.
3, 1493
List the prime factors of 4946.
2, 2473
List the prime factors of 5925.
3, 5, 79
List the prime factors of 925.
5, 37
List the prime factors of 36780.
2, 3, 5, 613
List the prime factors of 7590.
2, 3, 5, 11, 23
What are the prime factors of 11179?
7, 1597
List the prime factors of 156.
2, 3, 13
What are the prime factors of 123?
3, 41
What are the prime factors of 1592?
2, 199
List the prime factors of 14115.
3, 5, 941
List the prime factors of 1068.
2, 3, 89
List the prime factors of 6563.
6563
What are the prime factors of 26884?
2, 11, 13, 47
List the prime factors of 1634.
2, 19, 43
List the prime factors of 1337.
7, 191
List the prime factors of 27122.
2, 71, 191
List the prime factors of 34275.
3, 5, 457
What are the prime factors of 54131?
7, 11, 19, 37
What are the prime factors of 1781?
13, 137
What are the prime factors of 5493?
3, 1831
List the prime